ide 282539843?
False
Does 497 divide 148425450?
False
Does 653 divide 194073151?
False
Is 595497546 a multiple of 418?
False
Is 5467459 a multiple of 19?
True
Is 199167533 a multiple of 30?
False
Is 2426942 a multiple of 145?
False
Does 88 divide 4463800?
True
Does 107 divide 244865975?
False
Does 2183 divide 14420898?
True
Is 6691 a factor of 922996686?
True
Is 826660275 a multiple of 2975?
True
Is 11 a factor of 493412975?
True
Is 25 a factor of 272624225?
True
Does 15 divide 380456826?
False
Does 440 divide 22720280?
True
Is 956050040 a multiple of 6413?
True
Does 6 divide 196215180?
True
Is 1676 a factor of 293196088?
True
Is 74739084 a multiple of 19?
True
Is 368293838 a multiple of 22?
True
Is 75 a factor of 1668540553?
False
Does 32 divide 135133280?
True
Does 4469 divide 140988012?
True
Is 647 a factor of 16532170?
False
Does 896 divide 12010069?
False
Is 9 a factor of 97858766?
False
Is 2970 a factor of 6482732175?
False
Does 10 divide 219956287?
False
Is 31183724 a multiple of 44?
True
Is 4581 a factor of 61848081?
True
Is 1494 a factor of 483470352?
True
Is 580 a factor of 4595878820?
True
Is 803 a factor of 15750427?
False
Does 9 divide 68702163?
False
Is 2921 a factor of 434019706?
True
Is 4020 a factor of 72718717?
False
Is 33718388 a multiple of 19?
True
Is 49709078 a multiple of 2230?
False
Is 451 a factor of 152697641?
False
Is 1790331840 a multiple of 198?
True
Does 10 divide 2265977?
False
Does 21 divide 942458710?
False
Is 269 a factor of 18479224?
True
Does 2578 divide 409272268?
False
Is 498 a factor of 71969479?
False
Does 17 divide 681955?
True
Does 41 divide 1619821?
False
Does 664 divide 54316528?
True
Is 5381806751 a multiple of 3058?
False
Is 115 a factor of 311677024?
False
Is 2580 a factor of 163404300?
True
Does 280 divide 5441881760?
True
Is 16 a factor of 5371008?
True
Is 20854688 a multiple of 536?
True
Is 333721 a multiple of 61?
False
Is 591 a factor of 540866705?
False
Does 24 divide 92451218?
False
Is 1326057341 a multiple of 4606?
False
Is 60 a factor of 767220?
True
Does 177 divide 671735394?
False
Is 37 a factor of 617943824?
False
Is 62 a factor of 15815704?
True
Does 6374 divide 46079011?
False
Is 8002360 a multiple of 131?
False
Is 220 a factor of 264466400?
True
Is 129646971 a multiple of 273?
False
Is 79 a factor of 252466778?
True
Is 823070 a multiple of 263?
False
Is 16 a factor of 5318486?
False
Is 1017749847 a multiple of 41?
True
Is 2783 a factor of 38767324?
False
Is 4183337655 a multiple of 63?
True
Does 73 divide 69825668?
True
Does 2780 divide 158477564?
False
Is 163922891 a multiple of 17?
True
Is 34 a factor of 2450656726?
True
Is 170 a factor of 66929307?
False
Is 664560072 a multiple of 24?
True
Does 42 divide 195373?
False
Does 8 divide 57872256?
True
Is 2930450774 a multiple of 103?
False
Is 64809084 a multiple of 142?
True
Is 37 a factor of 105411321?
False
Is 24836846 a multiple of 42?
False
Does 2 divide 230527?
False
Does 46 divide 19696326?
True
Is 53254296 a multiple of 86?
True
Is 21414043 a multiple of 698?
False
Is 21530901 a multiple of 7?
True
Is 69782165 a multiple of 12?
False
Is 509 a factor of 44384291?
True
Is 14 a factor of 66234364?
True
Does 685 divide 120743580?
True
Does 86 divide 12110606?
True
Does 871 divide 268333913?
False
Does 1372 divide 28540344?
True
Is 114873720 a multiple of 520?
True
Is 7505635 a multiple of 5?
True
Does 394 divide 34279074?
False
Is 691512601 a multiple of 1227?
False
Is 23 a factor of 24932414?
True
Is 25678576 a multiple of 1064?
True
Is 352128922 a multiple of 283?
False
Is 4 a factor of 654196?
True
Is 45146376 a multiple of 44?
True
Is 348287982 a multiple of 221?
False
Does 746 divide 60870616?
True
Is 18 a factor of 172977606?
True
Is 408893569 a multiple of 8?
False
Does 17 divide 19215593?
True
Is 2472931833 a multiple of 57?
True
Is 24401888 a multiple of 5?
False
Is 555347329 a multiple of 4?
False
Is 24 a factor of 98929289?
False
Is 7 a factor of 143729078?
False
Does 72 divide 1229402952?
True
Is 715056650 a multiple of 79?
True
Is 778 a factor of 55000710?
True
Is 307985589 a multiple of 409?
True
Is 219431052 a multiple of 12?
True
Does 31 divide 545343752?
False
Is 8 a factor of 358062355?
False
Is 14 a factor of 3010844644?
False
Is 31378125 a multiple of 1101?
False
Is 15549934 a multiple of 4?
False
Does 81 divide 935368398?
True
Is 9 a factor of 109490346?
True
Does 458 divide 3684723126?
True
Is 11 a factor of 708893141?
True
Does 3669 divide 93615264?
False
Is 1243 a factor of 40880105?
False
Does 134 divide 34368052?
True
Does 11 divide 64562827?
False
Is 100 a factor of 19078300?
True
Does 509 divide 57031414?
True
Does 1717 divide 93744766?
True
Is 516 a factor of 9309156?
True
Is 20754191 a multiple of 40?
False
Is 95223484 a multiple of 89?
False
Does 232 divide 784452178?
False
Is 1757406772 a multiple of 44?
True
Is 9019148 a multiple of 60?
False
Does 750 divide 356731500?
True
Is 258 a factor of 29225613?
False
Is 273847947 a multiple of 9431?
True
Does 17 divide 4047337135?
True
Is 129939191 a multiple of 111?
False
Does 9 divide 266833020?
False
Is 22670051 a multiple of 594?
False
Does 40 divide 9037776?
False
Is 364696980 a multiple of 33?
False
Does 15 divide 377906760?
True
Is 57 a factor of 11158398?
False
Does 834 divide 24980147?
False
Is 36 a factor of 3901290?
False
Is 1165469890 a multiple of 2081?
False
Is 2558 a factor of 98701601?
False
Does 15 divide 594141720?
True
Is 535871580 a multiple of 1860?
True
Does 25 divide 1631954110?
False
Is 4133 a factor of 25226449?
False
Is 128247295 a multiple of 62?
False
Does 37 divide 322918070?
False
Does 40 divide 6593760?
True
Does 43 divide 9824382?
True
Is 221278 a multiple of 166?
True
Is 57 a factor of 102921651?
True
Is 47 a factor of 123374736?
False
Is 3385950086 a multiple of 49?
False
Does 50 divide 4259153727?
False
Does 49 divide 264809211?
False
Is 126521664 a multiple of 899?
True
Is 21946962 a multiple of 86?
False
Is 20 a factor of 144063838?
False
Is 597 a factor of 1000594089?
True
Does 3 divide 15024468?
True
Does 19 divide 165267263?
True
Does 2999 divide 436084452?
False
Is 13879208 a multiple of 7?
True
Does 2 divide 59485?
False
Does 851 divide 6733022?
False
Is 6997200 a multiple of 833?
True
Does 1099 divide 50274451?
False
Is 26 a factor of 195754?
True
Is 58920776 a multiple of 544?
False
Does 3675 divide 280226100?
True
Is 391160550 a multiple of 550?
True
Is 23 a factor of 8643032?
True
Is 130538613 a multiple of 31?
True
Is 505 a factor of 947523420?
True
Is 280 a factor of 14174293?
False
Is 138318210 a multiple of 15?
True
Is 38 a factor of 22887438?
True
Is 80712348 a multiple of 2437?
False
Is 190 a factor of 2246866790?
False
Is 522076981 even?
False
Is 3108 a factor of 456456420?
True
Does 214 divide 43501492?
True
Is 111278024 a multiple of 411?
False
Is 95230575 a multiple of 99?
True
Is 73 a factor of 406516779?
True
Is 2 a factor of 4681428?
True
Is 122923255 a multiple of 413?
True
Is 23 a factor of 231610353?
False
Is 7 a factor of 65558015?
False
Does 54 divide 25396794?
True
Is 88414944 a multiple of 276?
True
Is 1087 a factor of 143452477?
True
Does 26 divide 9779398?
False
Does 102 divide 49422774?
True
Is 25 a factor of 17899750?
True
Is 9 a factor of 192754125?
True
Is 269368683 a multiple of 588?
False
Is 879 a factor of 2764543779?
True
Does 124 divide 2179424?
True
Does 708 divide 1849324317?
False
Does 439 divide 80360502?
False
Is 70 a factor of 13671044?
False
Is 265 a factor of 61983235?
True
Is 673939516 a multiple of 172?
True
Is 20 a factor of 4830380?
True
Is 52 a factor of 987389340?
False
Is 808233252 a multiple of 3714?
True
Is 603369149 a multiple of 12560?
False
Does 278 divide 99048810?
False
Is 857 a factor of 428127465?
False
Does 3705 divide 179470200?
True
Does 647 divide 3133765516?
False
Does 178 divide 63921406?
False
Does 1318 divide 52175734?
False
Is 101 a factor of 33628657?
True
Is 368421029 a multiple of 10?
False
Is 5938 a factor of 221315198?
True
Is 11 a factor of 467139156?
True
Is 44 a factor of 23204368?
True
Does 1974 divide 158656697?
False
Is 20 a factor of 515798320?
True
Is 22 a factor of 165220509?
False
Is 65 a factor of 1369652180?
True
Does 235 divide